q be (-1)/(67/(-33) - -2). Let o be q + (3 - 6) + 2. Calculate the highest common divisor of 4 and o.
4
Let s(d) = -d**3 - 11*d**2 - 10*d + 6. Let y be (-18)/((-6)/(-2)) + -4. Let w be s(y). What is the highest common divisor of 3 and w?
3
Let d(k) = -k + 2. Let r be d(0). Let w be (r + 196)*(1 + 0). What is the greatest common divisor of 18 and w?
18
Let w(h) = -10*h**2 + 2*h + 2. Let t be w(-1). Let l = 16 + t. What is the highest common divisor of l and 4?
2
Suppose 0*r = 2*o + r - 18, -3*o + 4*r = -5. Let p be (-2)/(-2 - 0)*o. What is the highest common divisor of p and 56?
7
Let a be (5 - 5) + 14/1. Let n(p) = -p**3 - 4*p**2 + 7*p - 2. Let x be n(-6). Calculate the highest common factor of x and a.
14
Let v be (-125)/20 - (-1)/4. Let j = 12 + v. Let m = 23 - -19. What is the greatest common divisor of j and m?
6
Let b be 24/18*(-54)/(-8). What is the greatest common factor of 36 and b?
9
Let j(n) = 2*n**2 + 6*n + 40. Let k be j(-10). Let u be (-1 - 11)*(-5)/3. What is the greatest common factor of k and u?
20
Let h = -3 + 1. Let o = h + 19. Calculate the highest common divisor of o and 153.
17
Let f be (-3)/18 + 55/6. What is the greatest common factor of 6 and f?
3
Suppose 3*k = -4*i - 9, 0 = 2*i + 2*k + 3 + 3. Suppose 12 = -i*n + 2*n. Let v be (1 - -59)*1/2. Calculate the highest common divisor of v and n.
6
Let q(o) = -o**2 - 6*o - 2. Let c be q(-6). Let p be ((-2)/4)/(-1)*c. Let b(u) = -5*u + 1. Let g be b(p). What is the highest common divisor of 6 and g?
6
Let a be (-2 + -16)*(4 - 5). What is the highest common divisor of a and 198?
18
Let a(y) = -3*y - 6. Let x be a(-8). Let c = -27 - -55. Let n = c - x. Calculate the greatest common divisor of n and 10.
10
Let v = 73 - 52. What is the highest common factor of 147 and v?
21
Let m be 4/(-6)*(-144)/12. Suppose -3*a + 42 = 2*s + s, a - 5*s - 26 = 0. What is the highest common divisor of a and m?
8
Suppose -2*v - 3*j - 6 + 4 = 0, -4*v - 5*j - 2 = 0. Suppose -v*p - 34 = -3*p. What is the highest common divisor of 51 and p?
17
Let z be (9/2 + -3)*(-5 - -7). Calculate the highest common divisor of 69 and z.
3
Suppose -4*j = -3*a - 34 - 2, -2*j + 48 = -4*a. Let p = 21 + a. Let z = -4 + p. What is the highest common divisor of 15 and z?
5
Suppose 7*g - 256 = 269. What is the greatest common factor of g and 15?
15
Suppose -7 = -4*d + 21. Let k be 70/30 - 8/6. What is the greatest common divisor of k and d?
1
Let h = 21 - 19. What is the highest common factor of 10 and h?
2
Suppose i + 45 - 113 = 0. Let s be (i/(-20) - 1)*-15. What is the greatest common factor of s and 6?
6
Suppose 5*l = 2*d - 98, -5*l = -3*d + 115 + 32. Let z(h) = -2*h + 7. Let j be z(0). Calculate the highest common divisor of d and j.
7
Let y = -25 - -35. Calculate the greatest common divisor of 4 and y.
2
Let z = -70 + 118. Suppose -4*n + 6*n = z. What is the highest common factor of 60 and n?
12
Let a(r) = -r**2 + 10*r - 12. Let f be a(8). Suppose 34 + f = x. Suppose 5*l = 2 + x. Calculate the greatest common factor of 24 and l.
8
Let p be (1 - 4)*(-384)/8. Suppose 0 = 2*i + v - 32, 3*i + 0*i - 48 = -2*v. Calculate the greatest common divisor of p and i.
16
Let g be (28/(-21))/((-2)/21). Calculate the greatest common divisor of g and 56.
14
Let c(a) = 3*a**2 - 4*a. Let g be c(2). Suppose 4*x + m = -4*m - 9, 31 = 4*x - 3*m. What is the greatest common divisor of x and g?
4
Let y(q) = -4*q + 1. Let v be y(-4). Calculate the highest common factor of v and 102.
17
Let m = -7 - -12. Suppose 2*s = m*s - 330. Let t(h) = h**3 + 4*h**2 - 3*h - 2. Let y be t(-4). What is the highest common divisor of y and s?
10
Suppose -20 = u - 5*n, -n = -4*n + 15. What is the highest common factor of u and 45?
5
Let k(n) = 8*n**2 - 1. Let t be 10/(-8) + (-1)/(-4). Let c be k(t). Let s(z) = 11*z - 3. Let g be s(6). Calculate the highest common factor of c and g.
7
Let y(t) be the third derivative of t**6/120 + t**5/15 + t**4/8 + t**3/6 + t**2. Let k be y(-2). What is the highest common factor of k and 27?
3
Let p(r) = -4 + 6 + 1 - 2 - 22*r. Let n be p(-2). Calculate the highest common factor of 5 and n.
5
Suppose 7*w - 3*w - 2*x - 4 = 0, 5*w - 4 = 2*x. Suppose w = -5*o + 27 + 18. Calculate the highest common divisor of o and 9.
9
Suppose 2*h - 7*h = -5. Let l = h + 14. What is the highest common divisor of l and 10?
5
Let p(n) = 2*n + 8. Let r be p(6). What is the greatest common factor of r and 140?
20
Let j(f) = 5*f**2 + 3*f + 3. Let g be j(-1). What is the highest common divisor of 25 and g?
5
Let n be -3*(-3 + 16/6). Let i = 3 - n. What is the highest common factor of i and 12?
2
Let p be (37 - -2)/1 - 3. Let z(i) be the second derivative of i**4 - i**3/6 + i**2/2 - i. Let y be z(1). What is the highest common divisor of y and p?
12
Suppose 0 = -f - 3 + 36. Calculate the highest common divisor of 3 and f.
3
Suppose 3*v + 3*i = 21, 12 = 2*v + 5*i - 17. Let k(s) = s**3 - 5*s**2 + 5*s - 3. Let a be k(4). What is the highest common divisor of v and a?
1
Let s be 9/6 + (-1)/2. What is the greatest common factor of s and 11?
1
Let p be 55/(-10) - 2/4. Let a = 11 - p. Suppose 83 = u - 2*g, -u + 2*u = -5*g + 90. Calculate the highest common factor of u and a.
17
Let g(w) = 5*w - 3*w + w + 6*w. Let d be g(4). What is the highest common divisor of d and 90?
18
Let q(m) = 6*m + 6*m + 7*m - 1. Let j be q(1). Let s be ((-12)/(-8))/(-3) - (-91)/2. What is the highest common factor of j and s?
9
Suppose 3*p = p. Suppose 4*l - 20 = -p*l. Let r be 173/l - (-14)/35. Calculate the highest common divisor of r and 14.
7
Let a(v) = v**3 + 15*v**2 + 14*v + 2. Let s be a(-14). Suppose 5*w - s = 8. Calculate the highest common factor of 18 and w.
2
Let g(x) = -20*x - 8. Let k(i) = -i. Let a(o) = g(o) - 4*k(o). Let p be a(-6). What is the greatest common factor of 8 and p?
8
Suppose -266 = 3*l - x, 5*x + 260 + 101 = -4*l. Let y = l - -265. What is the greatest common divisor of y and 22?
22
Let f = 3 - 1. Suppose 2*u = -u + 5*j + 194, f*j = -4*u + 250. Calculate the greatest common divisor of u and 21.
21
Suppose 5*z - 2*w = -4*w + 54, w + 15 = z. What is the greatest common divisor of 132 and z?
12
Let l be (0 + 1)/((-18)/(-612)). What is the highest common divisor of l and 85?
17
Suppose -z - 73 = -3*h - 28, -3 = -z. Calculate the highest common divisor of 304 and h.
16
Suppose 300 = 3*f + 7*f. What is the greatest common factor of f and 12?
6
Suppose -2*m + 3*m = 85. Suppose -w + 109 = -z + 22, m = w - 3*z. Calculate the greatest common divisor of 11 and w.
11
Let p(v) = v**3 + 8*v**2 - 9*v + 3. Let f be p(-9). Let h = f + 2. Calculate the greatest common factor of h and 5.
5
Let f be (-21 + 1)*(-2)/1. Let a be 2 + -2 + 2 - 12. Let x = a + 15. Calculate the greatest common factor of f and x.
5
Let n = 33 - 23. Calculate the highest common factor of n and 30.
10
Suppose -121 = -3*u - 31. Let i = 21 + -9. What is the highest common divisor of i and u?
6
Let x(n) = -n + 13. Let a be x(6). Suppose 0 = 3*v - 2*s - 2*s - 11, v = 3*s + a. What is the greatest common divisor of 1 and v?
1
Let j(p) = -p**2 + 14*p - 6. Let v be j(13). Suppose 4*d + 18 = v*d. Calculate the greatest common factor of 4 and d.
2
Let u = -72 - -122. Suppose 11 = 2*y - i + 2*i, y + 2 = 2*i. Suppose -k - y*k = -u. Calculate the highest common factor of k and 70.
10
Let h(y) = -y + 8. Let w(i) = -2*i + 7. Let q(x) = 3*h(x) - 2*w(x). Let a be q(-5). Calculate the greatest common divisor of 25 and a.
5
Suppose 6*d - d + 55 = 0. Let i = d + 6. Let t(k) = -k**2 - 5*k + 3. Let p be t(i). Calculate the greatest common divisor of 12 and p.
3
Suppose -2*n = -3*j - j + 596, 4*j - 582 = -5*n. Let w be j/18 - (-2)/(-9). Let x be (3/9)/((-3)/(-9)). What is the greatest common factor of x and w?
1
Let h be -14 - -3 - 2 - -4. Let o = h + 21. What is the highest common factor of o and 84?
12
Suppose -15 = 5*c - 180. Calculate the highest common factor of 22 and c.
11
Let x(c) = 10*c + 1. Suppose -4*i + 8*i - 4 = 0. Let s be -1*2/(i - 3). Let y be x(s). What is the highest common divisor of 55 and y?
11
Let q be (-4)/(155/(-45) + 3). Calculate the greatest common divisor of 3 and q.
3
Suppose -5*n = -117 - 53. Calculate the highest common divisor of n and 51.
17
Suppose 5*w + 17 = 8*q - 6*q, 4*q = -3*w - 5. 